{"id":1685,"date":"2025-06-18T15:09:34","date_gmt":"2025-06-18T15:09:34","guid":{"rendered":"https:\/\/findit.pt\/?page_id=1685"},"modified":"2025-06-18T15:48:49","modified_gmt":"2025-06-18T15:48:49","slug":"politica-de-privacidade","status":"publish","type":"page","link":"https:\/\/findit.pt\/index.php\/politica-de-privacidade\/","title":{"rendered":"Pol\u00edtica de Privacidade"},"content":{"rendered":"<div class=\"fusion-fullwidth fullwidth-box fusion-builder-row-1 fusion-flex-container nonhundred-percent-fullwidth non-hundred-percent-height-scrolling\" style=\"--awb-border-radius-top-left:0px;--awb-border-radius-top-right:0px;--awb-border-radius-bottom-right:0px;--awb-border-radius-bottom-left:0px;--awb-padding-top:3%;--awb-padding-bottom:6%;--awb-flex-wrap:wrap;\" ><div class=\"fusion-builder-row fusion-row fusion-flex-align-items-stretch fusion-flex-content-wrap\" style=\"max-width:calc( 1170px + 0px );margin-left: calc(-0px \/ 2 );margin-right: calc(-0px \/ 2 );\"><div class=\"fusion-layout-column fusion_builder_column fusion-builder-column-0 fusion_builder_column_1_1 1_1 fusion-flex-column fusion-flex-align-self-flex-start fusion-animated\" style=\"--awb-padding-top:30px;--awb-padding-right:50px;--awb-padding-bottom:30px;--awb-padding-left:50px;--awb-bg-blend:overlay;--awb-bg-size:cover;--awb-transition:filter 100ms ease, transform 100ms ease, background-color 100ms ease, border-color 100ms ease;--awb-width-large:100%;--awb-margin-top-large:0px;--awb-spacing-right-large:0px;--awb-margin-bottom-large:20px;--awb-spacing-left-large:0px;--awb-width-medium:100%;--awb-order-medium:0;--awb-spacing-right-medium:0px;--awb-spacing-left-medium:0px;--awb-width-small:100%;--awb-order-small:0;--awb-spacing-right-small:0px;--awb-spacing-left-small:0px;\" data-animationType=\"fadeInUp\" data-animationDuration=\"0.7\" data-animationDelay=\"0.1\" data-animationOffset=\"top-into-view\" data-scroll-devices=\"small-visibility,medium-visibility,large-visibility\"><div class=\"fusion-column-wrapper fusion-column-has-shadow fusion-flex-justify-content-flex-start fusion-content-layout-column\"><div class=\"fusion-text fusion-text-1\"><h3 style=\"font-size: 45px; font-weight: bold; color: #e5b123;\">1. Compromisso FindIT<\/h3>\n<p>A\u00a0FindIT, no contexto das suas compet\u00eancias, procede ao tratamento de dados pessoais, pretendendo assegurar com rigor, efic\u00e1cia e seguran\u00e7a a prote\u00e7\u00e3o de todos os dados que diariamente recolhe e trata. Por favor, leia a presente\u00a0Pol\u00edtica de Privacidade\u00a0que descreve como tratamos os seus dados pessoais e como pode exercer os seus direitos enquanto titular de dados pessoais tratados pela\u00a0FindIT.<\/p>\n<h3 style=\"font-size: 45px; font-weight: bold; color: #e5b123;\">2. Ag\u00eancia de Prote\u00e7\u00e3o De Dados De Portugal<\/h3>\n<p>Toda a atividade relativa \u00e0 prote\u00e7\u00e3o e privacidade de dados em Portugal \u00e9 regida pela\u00a0CNPD\u00a0que \u00e9 a\u00a0Autoridade Nacional de Controlo de Dados Pessoais.<\/p>\n<p>No website <a href=\"https:\/\/www.gov.pt\/entidades\/comissao-nacional-de-protecao-de-dados\/\" target=\"_blank\">https:\/\/www.gov.pt\/entidades\/comissao-nacional-de-protecao-de-dados\/<\/a> pode encontrar toda a informa\u00e7\u00e3o necess\u00e1ria sobre os seus direitos nesta \u00e1rea.<\/p>\n<p>Tem como atribui\u00e7\u00e3o principal controlar e fiscalizar o cumprimento das disposi\u00e7\u00f5es legais e regulamentares em mat\u00e9ria de prote\u00e7\u00e3o de dados pessoais, em rigoroso respeito pelos direitos do homem e pelas liberdades e garantias consagradas na Constitui\u00e7\u00e3o e nas demais leis.<\/p>\n<h3 style=\"font-size: 45px; font-weight: bold; color: #e5b123;\">3. Dados pessoais, titulares de dados pessoais e categorias de dados pessoais<\/h3>\n<h4 style=\"font-size: 25px; font-weight: bold;\">O que s\u00e3o dados pessoais?<\/h4>\n<p>Dados pessoais s\u00e3o todas as informa\u00e7\u00f5es de qualquer natureza relativas a uma pessoa singular, identificada ou identific\u00e1vel. Considera-se identific\u00e1vel o conjunto de informa\u00e7\u00f5es que podem levar \u00e0 identifica\u00e7\u00e3o de uma determinada pessoa, nomeadamente por refer\u00eancia a um identificador (como por exemplo um n\u00famero de identifica\u00e7\u00e3o ou um dado de localiza\u00e7\u00e3o).<\/p>\n<p>Em face dos servi\u00e7os prestados pela\u00a0FindIT, na sua maioria s\u00e3o tratados dados de pessoas coletivas.<\/p>\n<h4 style=\"font-size: 25px; font-weight: bold;\">Que dados pessoais tratamos e como os recolhemos?<\/h4>\n<p>A\u00a0FindIT apenas recolhe dados que se mostrem adequados, pertinentes e limitados ao que \u00e9 necess\u00e1rio relativamente \u00e0s finalidades para os quais s\u00e3o tratados (\u201cContacto\u201d e \u201cPe\u00e7a Um Or\u00e7amento\u201d). Na recolha dos seus dados, feita atrav\u00e9s do website da\u00a0FindIT e para execu\u00e7\u00e3o das diferentes finalidades, poderemos recolher os seguintes tipos de dados pessoais:<\/p>\n<ul>\n<li>Dados de contacto (nome, e-mail ou n\u00famero de telem\u00f3vel);<\/li>\n<\/ul>\n<h3 style=\"font-size: 45px; font-weight: bold; color: #e5b123;\">4. Fundamentos e finalidades do tratamento de dados pessoais<\/h3>\n<h4 style=\"font-size: 25px; font-weight: bold;\">Porqu\u00ea e com que fundamento utilizamos os seus dados pessoais?<\/h4>\n<p>Todos os dados recolhidos e tratados pela FindIT t\u00eam por fundamento uma das condi\u00e7\u00f5es de legitimidade abaixo.<\/p>\n<ul>\n<li><strong>O Consentimento.<\/strong> Quando a recolha \u00e9 precedida do seu consentimento expresso, espec\u00edfico e informado.<\/li>\n<li><strong>O cumprimento de obriga\u00e7\u00f5es legais.<\/strong> Quando o tratamento \u00e9 necess\u00e1rio para o cumprimento de uma obriga\u00e7\u00e3o jur\u00eddica.<\/li>\n<li><strong>O Interesse leg\u00edtimo.<\/strong> Quando o tratamento se mostra necess\u00e1rio para a prossecu\u00e7\u00e3o de interesses leg\u00edtimos da entidade respons\u00e1vel pelo tratamento ou de terceiros, sem prejudicar os direitos e as liberdades dos seus clientes e\/ou utilizadores.<\/li>\n<\/ul>\n<h4 style=\"font-size: 25px; font-weight: bold;\">Quais as finalidades para as quais recolhemos os seus dados?<\/h4>\n<p>Os dados pessoais recolhidos pelo\u00a0FOCUS GROUP\u00a0apenas s\u00e3o processados para fins espec\u00edficos, expl\u00edcitos e leg\u00edtimos. Sempre que sejam recolhidos dados pessoais, os mesmos destinam-se exclusivamente \u00e0s finalidades expressamente identificadas aquando da recolha.<\/p>\n<p>Elencamos aqui as principais finalidades que justificam a recolha de dados pessoais pelo\u00a0FOCUS GROUP:<\/p>\n<ul>\n<li>Na contrata\u00e7\u00e3o de recursos humanos para os seus quadros ou colaboradores externos;<\/li>\n<li>Gest\u00e3o de eventos promovidos pela FindIT;<\/li>\n<li>Divulga\u00e7\u00e3o de newsletters\/publica\u00e7\u00f5es de marketing.<\/li>\n<\/ul>\n<h3 style=\"font-size: 45px; font-weight: bold; color: #e5b123;\">5. Per\u00edodo de conserva\u00e7\u00e3o de dados pessoais<\/h3>\n<p>A\u00a0FindIT trata e conserva os seus dados apenas durante o per\u00edodo que se mostre necess\u00e1rio \u00e0 prossecu\u00e7\u00e3o ou conclus\u00e3o das finalidades do tratamento a que se destinam, em respeito pelos prazos m\u00e1ximos necess\u00e1rios para cumprir com obriga\u00e7\u00f5es contratuais, legais ou regulamentares.<\/p>\n<p>Findo o per\u00edodo de conserva\u00e7\u00e3o, a\u00a0FindIT proceder\u00e1 \u00e0 elimina\u00e7\u00e3o dos referidos dados.<\/p>\n<h3 style=\"font-size: 45px; font-weight: bold; color: #e5b123;\">6. Direitos dos titulares dos dados<\/h3>\n<p>Nos termos da legisla\u00e7\u00e3o em vigor, a partir do momento em que recolhemos e tratamos os seus dados, existe um conjunto de direitos que, a qualquer momento, poder\u00e1 exercer junto da\u00a0FindIT.<\/p>\n<h4 style=\"font-size: 25px; font-weight: bold;\">Quais os seus direitos?<\/h4>\n<ul>\n<li><strong>Direito de acesso:<\/strong> permite obter informa\u00e7\u00e3o sobre o tratamento dos seus dados.<\/li>\n<li><strong>Direito de retifica\u00e7\u00e3o:<\/strong> permite solicitar a corre\u00e7\u00e3o dos seus dados incompletos ou desatualizados.<\/li>\n<li><strong>Direito \u00e0 elimina\u00e7\u00e3o dos dados:<\/strong> permite pedir a elimina\u00e7\u00e3o quando n\u00e3o haja fundamento v\u00e1lido para a sua conserva\u00e7\u00e3o.<\/li>\n<li><strong>Direito \u00e0 limita\u00e7\u00e3o:<\/strong> permite suspender ou limitar o tratamento a certas finalidades.<\/li>\n<li><strong>Direito \u00e0 portabilidade:<\/strong> permite receber os dados num formato digital comum ou transferi-los a outra entidade.<\/li>\n<li><strong>Direito de oposi\u00e7\u00e3o:<\/strong> permite opor-se ao tratamento, como em casos de marketing direto.<\/li>\n<li><strong>Direito de retirar o consentimento:<\/strong> permite retirar o seu consentimento quando este for a base legal do tratamento.<\/li>\n<\/ul>\n<h4 style=\"font-size: 25px; font-weight: bold;\">Como pode exercer os seus direitos?<\/h4>\n<p>Todos os direitos supra descritos poder\u00e3o ser exercidos, com as limita\u00e7\u00f5es previstas na legisla\u00e7\u00e3o aplic\u00e1vel, mediante pedido por escrito, a ser remetido por e-mail para: <a href=\"mailto:info@findit.pt\">info@findit.pt<\/a>. Poder\u00e1 ainda apresentar qualquer reclama\u00e7\u00e3o junto da\u00a0CNPD, que \u00e9 a\u00a0Autoridade Nacional de Controlo de Dados Pessoais.<\/p>\n<h3 style=\"font-size: 45px; font-weight: bold; color: #e5b123;\">7. Legisla\u00e7\u00e3o<\/h3>\n<p>O tratamento de dados de car\u00e1cter pessoal dos utilizadores e clientes realizados pela\u00a0SkillsOnWood, bem como o envio de comunica\u00e7\u00f5es de natureza comercial realizados por meios eletr\u00f3nicos est\u00e3o em conformidade com a legisla\u00e7\u00e3o em vigor, nomeadamente com o <strong>Regulamento Geral de Prote\u00e7\u00e3o de Dados (RGPD)<\/strong>, diploma Europeu (EU 2016\/679) que determina as regras relativas \u00e0 prote\u00e7\u00e3o, ao tratamento e \u00e0 livre circula\u00e7\u00e3o dos dados pessoais das pessoas nos pa\u00edses da Uni\u00e3o Europeia.<\/p>\n<\/div><\/div><\/div><\/div><\/div>\n","protected":false},"excerpt":{"rendered":"","protected":false},"author":1,"featured_media":1686,"parent":0,"menu_order":0,"comment_status":"closed","ping_status":"closed","template":"100-width.php","meta":{"footnotes":""},"class_list":["post-1685","page","type-page","status-publish","has-post-thumbnail","hentry"],"yoast_head":"<!-- This site is optimized with the Yoast SEO plugin v25.3 - https:\/\/yoast.com\/wordpress\/plugins\/seo\/ -->\n<title>Pol\u00edtica de Privacidade - FIND IT<\/title>\n<meta name=\"robots\" content=\"index, follow, max-snippet:-1, max-image-preview:large, max-video-preview:-1\" \/>\n<link rel=\"canonical\" href=\"https:\/\/findit.pt\/index.php\/politica-de-privacidade\/\" \/>\n<meta property=\"og:locale\" content=\"en_US\" \/>\n<meta property=\"og:type\" content=\"article\" \/>\n<meta property=\"og:title\" content=\"Pol\u00edtica de Privacidade - FIND IT\" \/>\n<meta property=\"og:url\" content=\"https:\/\/findit.pt\/index.php\/politica-de-privacidade\/\" \/>\n<meta property=\"og:site_name\" content=\"FIND IT\" \/>\n<meta property=\"article:modified_time\" content=\"2025-06-18T15:48:49+00:00\" \/>\n<meta property=\"og:image\" content=\"https:\/\/findit.pt\/wp-content\/uploads\/2025\/06\/politica-de-privacidade.jpg\" \/>\n\t<meta property=\"og:image:width\" content=\"1950\" \/>\n\t<meta property=\"og:image:height\" content=\"1200\" \/>\n\t<meta property=\"og:image:type\" content=\"image\/jpeg\" \/>\n<meta name=\"twitter:card\" content=\"summary_large_image\" \/>\n<meta name=\"twitter:label1\" content=\"Est. reading time\" \/>\n\t<meta name=\"twitter:data1\" content=\"4 minutes\" \/>\n<script type=\"application\/ld+json\" class=\"yoast-schema-graph\">{\"@context\":\"https:\/\/schema.org\",\"@graph\":[{\"@type\":\"WebPage\",\"@id\":\"https:\/\/findit.pt\/index.php\/politica-de-privacidade\/\",\"url\":\"https:\/\/findit.pt\/index.php\/politica-de-privacidade\/\",\"name\":\"Pol\u00edtica de Privacidade - FIND IT\",\"isPartOf\":{\"@id\":\"https:\/\/findit.pt\/#website\"},\"primaryImageOfPage\":{\"@id\":\"https:\/\/findit.pt\/index.php\/politica-de-privacidade\/#primaryimage\"},\"image\":{\"@id\":\"https:\/\/findit.pt\/index.php\/politica-de-privacidade\/#primaryimage\"},\"thumbnailUrl\":\"https:\/\/findit.pt\/wp-content\/uploads\/2025\/06\/politica-de-privacidade.jpg\",\"datePublished\":\"2025-06-18T15:09:34+00:00\",\"dateModified\":\"2025-06-18T15:48:49+00:00\",\"breadcrumb\":{\"@id\":\"https:\/\/findit.pt\/index.php\/politica-de-privacidade\/#breadcrumb\"},\"inLanguage\":\"en-US\",\"potentialAction\":[{\"@type\":\"ReadAction\",\"target\":[\"https:\/\/findit.pt\/index.php\/politica-de-privacidade\/\"]}]},{\"@type\":\"ImageObject\",\"inLanguage\":\"en-US\",\"@id\":\"https:\/\/findit.pt\/index.php\/politica-de-privacidade\/#primaryimage\",\"url\":\"https:\/\/findit.pt\/wp-content\/uploads\/2025\/06\/politica-de-privacidade.jpg\",\"contentUrl\":\"https:\/\/findit.pt\/wp-content\/uploads\/2025\/06\/politica-de-privacidade.jpg\",\"width\":1950,\"height\":1200},{\"@type\":\"BreadcrumbList\",\"@id\":\"https:\/\/findit.pt\/index.php\/politica-de-privacidade\/#breadcrumb\",\"itemListElement\":[{\"@type\":\"ListItem\",\"position\":1,\"name\":\"Home\",\"item\":\"https:\/\/findit.pt\/\"},{\"@type\":\"ListItem\",\"position\":2,\"name\":\"Pol\u00edtica de Privacidade\"}]},{\"@type\":\"WebSite\",\"@id\":\"https:\/\/findit.pt\/#website\",\"url\":\"https:\/\/findit.pt\/\",\"name\":\"FIND IT\",\"description\":\"\",\"potentialAction\":[{\"@type\":\"SearchAction\",\"target\":{\"@type\":\"EntryPoint\",\"urlTemplate\":\"https:\/\/findit.pt\/?s={search_term_string}\"},\"query-input\":{\"@type\":\"PropertyValueSpecification\",\"valueRequired\":true,\"valueName\":\"search_term_string\"}}],\"inLanguage\":\"en-US\"}]}<\/script>\n<!-- \/ Yoast SEO plugin. -->","yoast_head_json":{"title":"Pol\u00edtica de Privacidade - FIND IT","robots":{"index":"index","follow":"follow","max-snippet":"max-snippet:-1","max-image-preview":"max-image-preview:large","max-video-preview":"max-video-preview:-1"},"canonical":"https:\/\/findit.pt\/index.php\/politica-de-privacidade\/","og_locale":"en_US","og_type":"article","og_title":"Pol\u00edtica de Privacidade - FIND IT","og_url":"https:\/\/findit.pt\/index.php\/politica-de-privacidade\/","og_site_name":"FIND IT","article_modified_time":"2025-06-18T15:48:49+00:00","og_image":[{"width":1950,"height":1200,"url":"https:\/\/findit.pt\/wp-content\/uploads\/2025\/06\/politica-de-privacidade.jpg","type":"image\/jpeg"}],"twitter_card":"summary_large_image","twitter_misc":{"Est. reading time":"4 minutes"},"schema":{"@context":"https:\/\/schema.org","@graph":[{"@type":"WebPage","@id":"https:\/\/findit.pt\/index.php\/politica-de-privacidade\/","url":"https:\/\/findit.pt\/index.php\/politica-de-privacidade\/","name":"Pol\u00edtica de Privacidade - FIND IT","isPartOf":{"@id":"https:\/\/findit.pt\/#website"},"primaryImageOfPage":{"@id":"https:\/\/findit.pt\/index.php\/politica-de-privacidade\/#primaryimage"},"image":{"@id":"https:\/\/findit.pt\/index.php\/politica-de-privacidade\/#primaryimage"},"thumbnailUrl":"https:\/\/findit.pt\/wp-content\/uploads\/2025\/06\/politica-de-privacidade.jpg","datePublished":"2025-06-18T15:09:34+00:00","dateModified":"2025-06-18T15:48:49+00:00","breadcrumb":{"@id":"https:\/\/findit.pt\/index.php\/politica-de-privacidade\/#breadcrumb"},"inLanguage":"en-US","potentialAction":[{"@type":"ReadAction","target":["https:\/\/findit.pt\/index.php\/politica-de-privacidade\/"]}]},{"@type":"ImageObject","inLanguage":"en-US","@id":"https:\/\/findit.pt\/index.php\/politica-de-privacidade\/#primaryimage","url":"https:\/\/findit.pt\/wp-content\/uploads\/2025\/06\/politica-de-privacidade.jpg","contentUrl":"https:\/\/findit.pt\/wp-content\/uploads\/2025\/06\/politica-de-privacidade.jpg","width":1950,"height":1200},{"@type":"BreadcrumbList","@id":"https:\/\/findit.pt\/index.php\/politica-de-privacidade\/#breadcrumb","itemListElement":[{"@type":"ListItem","position":1,"name":"Home","item":"https:\/\/findit.pt\/"},{"@type":"ListItem","position":2,"name":"Pol\u00edtica de Privacidade"}]},{"@type":"WebSite","@id":"https:\/\/findit.pt\/#website","url":"https:\/\/findit.pt\/","name":"FIND IT","description":"","potentialAction":[{"@type":"SearchAction","target":{"@type":"EntryPoint","urlTemplate":"https:\/\/findit.pt\/?s={search_term_string}"},"query-input":{"@type":"PropertyValueSpecification","valueRequired":true,"valueName":"search_term_string"}}],"inLanguage":"en-US"}]}},"_links":{"self":[{"href":"https:\/\/findit.pt\/index.php\/wp-json\/wp\/v2\/pages\/1685","targetHints":{"allow":["GET"]}}],"collection":[{"href":"https:\/\/findit.pt\/index.php\/wp-json\/wp\/v2\/pages"}],"about":[{"href":"https:\/\/findit.pt\/index.php\/wp-json\/wp\/v2\/types\/page"}],"author":[{"embeddable":true,"href":"https:\/\/findit.pt\/index.php\/wp-json\/wp\/v2\/users\/1"}],"replies":[{"embeddable":true,"href":"https:\/\/findit.pt\/index.php\/wp-json\/wp\/v2\/comments?post=1685"}],"version-history":[{"count":11,"href":"https:\/\/findit.pt\/index.php\/wp-json\/wp\/v2\/pages\/1685\/revisions"}],"predecessor-version":[{"id":1701,"href":"https:\/\/findit.pt\/index.php\/wp-json\/wp\/v2\/pages\/1685\/revisions\/1701"}],"wp:featuredmedia":[{"embeddable":true,"href":"https:\/\/findit.pt\/index.php\/wp-json\/wp\/v2\/media\/1686"}],"wp:attachment":[{"href":"https:\/\/findit.pt\/index.php\/wp-json\/wp\/v2\/media?parent=1685"}],"curies":[{"name":"wp","href":"https:\/\/api.w.org\/{rel}","templated":true}]}}